se 10, what is -3700 - 9005?
-12705
In base 6, what is 251 - -42145542?
42150233
In base 10, what is 8 + 1935028?
1935036
In base 14, what is -baa29 - 11?
-baa3a
In base 15, what is 1a - -e611b2?
e611cc
In base 12, what is 5492 + 4b58?
a42a
In base 15, what is 3a8c34a - 5?
3a8c345
In base 15, what is -3130a08 + -3?
-3130a0b
In base 5, what is -23143241243 - -113?
-23143241130
In base 2, what is -1100111 - 10101010000100000001?
-10101010000101101000
In base 12, what is -a5 - -473a4?
472bb
In base 13, what is 17 + -881707?
-8816c0
In base 14, what is 565 + 7671?
7bd6
In base 10, what is 46 - 115706?
-115660
In base 13, what is -1 + -2c3965b5?
-2c3965b6
In base 14, what is -1b3a + -405c5?
-42321
In base 4, what is 2233203000012 - -10?
2233203000022
In base 15, what is -386 - 808?
-b8e
In base 3, what is 12010220 - 120210?
11120010
In base 2, what is -1110111000 - -10100111110111?
10011000111111
In base 3, what is 1 - -21120122100022212?
21120122100022220
In base 5, what is -10 + -44030334213?
-44030334223
In base 16, what is c98 - -c26?
18be
In base 16, what is -180 - 958e?
-970e
In base 11, what is -2a8 - 4a6a75?
-4a7272
In base 3, what is -210 + -11111022?
-11112002
In base 12, what is 193626 - -5?
19362b
In base 5, what is 3021111201 - 3?
3021111143
In base 16, what is -688a - -5c?
-682e
In base 12, what is -40 - 762b5?
-76335
In base 15, what is -282de52 + a?
-282de47
In base 4, what is -2002101101011 + 2?
-2002101101003
In base 11, what is 381299a0 - -6?
381299a6
In base 9, what is -37621 - 10217?
-47838
In base 8, what is -4636 - -21722?
15064
In base 6, what is -11 - -112532?
112521
In base 5, what is 334 - -11044422?
11100311
In base 16, what is -8e480 + -11c?
-8e59c
In base 12, what is 7b6 - -aa77?
b671
In base 11, what is 2 + -122206?
-122204
In base 2, what is -100100101010101110011111 - -100?
-100100101010101110011011
In base 7, what is -113112 - 56661?
-203103
In base 15, what is 6 - 73988c?
-739886
In base 14, what is 808b608 + -3?
808b605
In base 5, what is 1002324 + 42234?
1100113
In base 15, what is 1d1ec2 - -2?
1d1ec4
In base 9, what is -262681 + 23?
-262657
In base 3, what is -21110100 + 102121111?
11011011
In base 2, what is -1010 - -1110110000000011010?
1110110000000010000
In base 2, what is -11 - -1010101101101100011100?
1010101101101100011001
In base 7, what is 6153643 - -15?
6153661
In base 14, what is -340d6 + d0?
-34006
In base 13, what is -1c4 + b74c7?
b7303
In base 15, what is 969437e - 4?
969437a
In base 2, what is 111011110010101010 - 1110?
111011110010011100
In base 4, what is -21123102 + -1202013?
-22331121
In base 14, what is 3b + 17b97?
17bd4
In base 6, what is -4340 - -334521?
330141
In base 10, what is -4499 - 91466?
-95965
In base 10, what is -1771 - -5893?
4122
In base 14, what is 14898198 - 4?
14898194
In base 16, what is 1 + e8dfc2?
e8dfc3
In base 16, what is 198 - -49f3?
4b8b
In base 14, what is -165a9 + -23d?
-16808
In base 11, what is 11152836 + 10?
11152846
In base 13, what is 3 + -202867?
-202864
In base 9, what is -127 - -132406?
132268
In base 2, what is 1111 - -110010111000010001001?
110010111000010011000
In base 13, what is 7c79927 - 1?
7c79926
In base 15, what is 4ba97d + -6?
4ba977
In base 12, what is 774 + 978?
1530
In base 15, what is -107 + -5d0e9?
-5d201
In base 3, what is -1 + 2201101011122?
2201101011121
In base 4, what is 130 - -1121221120?
1121221310
In base 5, what is -1 - 1340401430?
-1340401431
In base 4, what is 2010310332310 + -30?
2010310332220
In base 6, what is 3 + 444303031?
444303034
In base 6, what is 2200503 - -20?
2200523
In base 4, what is -31 - 1221212301?
-1221212332
In base 8, what is 27 + 245704?
245733
In base 13, what is -5a6 + 2841?
2268
In base 7, what is 3043453542 + -3?
3043453536
In base 8, what is 13407622 + -545?
13407055
In base 7, what is 442263332 + 46?
442263411
In base 2, what is 10010011010101111 + 1100110110?
10010100111100101
In base 15, what is -cea3 + 186?
-cd1c
In base 15, what is -3 + 1880de93?
1880de90
In base 10, what is 5 + -80624476?
-80624471
In base 13, what is a - -1803b?
18048
In base 13, what is -2628 + 252a?
-cb
In base 11, what is 288a443 + -37?
288a407
In base 2, what is 1101 - 10001110110101100100111001?
-10001110110101100100101100
In base 12, what is -149b8687 - -5?
-149b8682
In base 12, what is 21160 - 2b76?
1a1a6
In base 12, what is 2 - b6510005?
-b6510003
In base 14, what is 165b1 - 4?
165ab
In base 4, what is -201332103120133 + 3?
-201332103120130
In base 4, what is 112213 - -20021112?
20133331
In base 10, what is 1716 - -11884?
13600
In base 5, what is -3300324 + 223304?
-3022020
In base 6, what is -120111 + 55032?
-21035
In base 4, what is 32 + -3120311023?
-3120310331
In base 10, what is -1918408 - 15?
-1918423
In base 15, what is -4 - -158981a?
1589816
In base 13, what is -14b99523 + -4?
-14b99527
In base 2, what is -101 - -1001010100011100010011?
1001010100011100001110
In base 4, what is -10 - -13231223231?
13231223221
In base 5, what is -4 + 2023321032?
2023321023
In base 2, what is -11 + 1101110100100011010010?
1101110100100011001111
In base 13, what is 2 + -cab128?
-cab126
In base 10, what is 3 - -31715052?
31715055
In base 16, what is -9 - 68acdd?
-68ace6
In base 5, what is 13104000 + -202?
13103243
In base 12, what is -27411920 + 3?
-27411919
In base 9, what is 585 - 227422?
-226726
In base 3, what is -1001202001011011101 - -12?
-1001202001011011012
In base 11, what is 7908159 + 3?
7908161
In base 2, what is -1010100110110110001 - -1010?
-1010100110110100111
In base 2, what is 11011101000011110111100100 + 11?
11011101000011110111100111
In base 3, what is 10 + 101111012200020?
101111012200100
In base 6, what is 3 + 3353425232?
3353425235
In base 3, what is 0 + -1020111122022?
-1020111122022
In base 10, what is -1 + 10899807?
10899806
In base 5, what is -43004 + 322020?
224011
In base 8, what is -65 + 537650?
537563
In base 2, what is 111 + 11010010010100101101?
11010010010100110100
In base 9, what is 40 + 801448?
801488
In base 14, what is 249 + 350d0?
35339
In base 9, what is 20105125 + -141?
20104874
In base 7, what is -2 - -15354561?
15354556
In base 2, what is 1111 + 111000010100101010?
111000010100111001
In base 7, what is -613206654 - -6?
-613206645
In base 9, what is -3 - -620472017?
620472014
In base 9, what is 4540 - -16175?
21725
In base 9, what is 37 - -52271?
52318
In base 8, what is 366140 - -64?
366224
In base 4, what is -220 - -2031032?
2030212
In base 14, what is -5a32859 - 1?
-5a3285a
In base 9, what is 3 - 3555882?
-3555878
In base 6, what is 123455210 - -55?
123455305
In base 5, what is -2114003310 - 3?
-2114003313
In base 5, what is 11003412 - 4201?
10444211
In base 12, what is -3a83898 + 13?
-3a83885
In base 10, what is -1783 - 159538?
-161321
In base 4, what is -232033212 - 32?
-232033310
In base 11, what is 30457 + -413?
30044
In base 15, what is -bc282 + -8d?
-bc320
In base 5, what is -23224 + -20130401?
-20204130
In base 15, what is 40 + 6b522?
6b562
In base 11, what is -586 + -7a21?
-84a7
In base 3, what is 11211112011002 - -10000?
11211112021002
In base 2, what is 11101001010 - 1110110000101?
-1011000111011
In base 7, what is -12323 + 62651?
50325
In base 3, what is -2020101120011 - -12?
-2020101112222
In base 8, what is 1253070 - 7?
1253061
In base 8, what is -353 + 5136644?
5136271
In base 16, what is -1baa22 - -1?
-1baa21
In base 14, what is -11b895 - -3?
-11b892
In base 3, what is -11 + -1212221122111210?
-1212221122111221
In base 11, what is -4667 + 1530?
-3137
In base 9, what is -856 - -71885?
71028
In base 12, what is -2 - -6a7101?
6a70bb
In base 7, what is -41550114 - -3?
-41550111
In base 10, what is 869007 + -1?
869006
In base 14, what is -246 + 44d6a?
44b24
In base 6, what is 12112 - -41234?
53350
In base 2, what is 1101000001100111 + 110?
1101000001101101
In base 12, what is 5 + -235056?
-235051
In base 16, what is 1fcb1 - -4?
1fcb5
In base 14, what is 6ba2c4 + 17?
6ba2db
In base 9, what is 27218 + -65806?
-37577
In base 10, what is 6 + 22135577?
22135583
In base 12, what is 72b5a + 75?
73013
In base 7, what is 5426214 + 13?
5426230
In base 14, what is 47b - 5c021?
-5b984
In base 3, what is 22212000100221 - 12?
22212000100202
In base 9, what is -5 + -3587537?
-3587543
In base 9, w